e greatest common divisor of 57 and 3667.
19
Calculate the greatest common factor of 768 and 24.
24
What is the greatest common divisor of 542 and 2?
2
Calculate the highest common factor of 200 and 2060.
20
What is the highest common divisor of 156 and 741?
39
What is the greatest common divisor of 4 and 86?
2
Calculate the highest common factor of 1536 and 3.
3
Calculate the highest common factor of 1835 and 5.
5
What is the greatest common factor of 19600 and 50?
50
Calculate the greatest common divisor of 5883 and 111.
111
Calculate the highest common divisor of 4708 and 8.
4
What is the greatest common factor of 69 and 184?
23
Calculate the highest common factor of 234 and 54.
18
What is the greatest common factor of 16 and 40?
8
Calculate the greatest common factor of 475 and 1045.
95
What is the greatest common factor of 315 and 765?
45
What is the highest common factor of 7630 and 436?
218
What is the greatest common factor of 286 and 234?
26
What is the greatest common divisor of 5559 and 51?
51
Calculate the greatest common divisor of 2905 and 7.
7
What is the highest common factor of 18 and 576?
18
What is the highest common factor of 532 and 152?
76
Calculate the highest common factor of 72 and 108.
36
Calculate the greatest common divisor of 441 and 135.
9
Calculate the highest common divisor of 6 and 396.
6
What is the highest common divisor of 3 and 6?
3
Calculate the greatest common factor of 10 and 908.
2
Calculate the greatest common factor of 85 and 34.
17
What is the highest common factor of 252 and 196?
28
Calculate the greatest common factor of 1957 and 209.
19
Calculate the greatest common divisor of 1330 and 399.
133
Calculate the highest common factor of 18255 and 75.
15
What is the highest common divisor of 63 and 399?
21
Calculate the greatest common factor of 110 and 4455.
55
What is the highest common factor of 801 and 712?
89
Calculate the greatest common factor of 851 and 592.
37
What is the greatest common divisor of 3328 and 65?
13
What is the highest common divisor of 155 and 1426?
31
What is the greatest common factor of 26 and 65?
13
Calculate the highest common divisor of 209 and 22.
11
Calculate the greatest common factor of 31 and 93.
31
What is the highest common factor of 120 and 12?
12
Calculate the highest common divisor of 3296 and 103.
103
What is the highest common factor of 3949 and 11?
11
Calculate the greatest common divisor of 14378 and 364.
182
What is the greatest common factor of 34 and 27574?
34
Calculate the greatest common divisor of 98 and 112.
14
What is the greatest common divisor of 190 and 760?
190
Calculate the greatest common divisor of 304 and 190.
38
What is the highest common factor of 15 and 12?
3
What is the highest common factor of 504 and 189?
63
Calculate the highest common factor of 117 and 27.
9
Calculate the highest common divisor of 85 and 17.
17
What is the greatest common factor of 304 and 784?
16
What is the greatest common divisor of 297 and 11?
11
What is the greatest common factor of 10071 and 2984?
373
Calculate the highest common factor of 4465 and 19.
19
Calculate the highest common factor of 142 and 994.
142
What is the greatest common factor of 33 and 132?
33
What is the highest common divisor of 2464 and 66?
22
Calculate the greatest common factor of 70 and 50.
10
Calculate the highest common factor of 55 and 11.
11
What is the greatest common divisor of 1696 and 742?
106
What is the greatest common divisor of 561 and 51?
51
Calculate the greatest common divisor of 35 and 210.
35
What is the highest common factor of 3 and 2883?
3
Calculate the greatest common factor of 176 and 44.
44
What is the greatest common divisor of 10 and 398?
2
What is the greatest common factor of 48 and 69360?
48
Calculate the greatest common divisor of 555 and 333.
111
Calculate the highest common divisor of 3792 and 237.
237
Calculate the highest common factor of 51 and 255.
51
Calculate the highest common divisor of 60 and 36.
12
What is the highest common factor of 494 and 26?
26
What is the greatest common divisor of 354 and 6?
6
What is the greatest common divisor of 635 and 20?
5
Calculate the highest common factor of 2754 and 102.
102
Calculate the highest common divisor of 24 and 104.
8
Calculate the highest common factor of 192 and 18.
6
What is the greatest common divisor of 584 and 96?
8
What is the highest common factor of 286 and 52?
26
What is the highest common factor of 352 and 11?
11
What is the greatest common factor of 179 and 3043?
179
What is the highest common factor of 23 and 851?
23
Calculate the greatest common divisor of 109 and 109.
109
Calculate the highest common divisor of 5243 and 107.
107
What is the highest common divisor of 28 and 1316?
28
Calculate the highest common factor of 154 and 4312.
154
What is the greatest common divisor of 495 and 135?
45
Calculate the highest common factor of 45 and 495.
45
Calculate the highest common divisor of 899 and 29.
29
What is the greatest common factor of 11639 and 452?
113
Calculate the highest common factor of 130 and 26.
26
Calculate the highest common divisor of 304 and 1292.
76
Calculate the greatest common divisor of 219 and 2.
1
Calculate the greatest common divisor of 765 and 30.
15
What is the greatest common factor of 6 and 900?
6
What is the greatest common factor of 138 and 4209?
69
What is the highest common factor of 4 and 28?
4
Calculate the greatest common factor of 153 and 9.
9
Calculate the highest common divisor of 710 and 426.
142
Calculate the highest common factor of 528 and 726.
66
Calculate the greatest common divisor of 184 and 138.
46
Calculate the highest common factor of 5730 and 120.
30
Calculate the highest common factor of 3 and 12.
3
Calculate the greatest common factor of 92 and 115.
23
What is the greatest common divisor of 8 and 7?
1
What is the greatest common factor of 19844 and 164?
164
Calculate the greatest common factor of 93 and 23095.
31
Calculate the highest common factor of 112 and 1134.
14
Calculate the greatest common factor of 253 and 1870.
11
What is the highest common divisor of 219 and 146?
73
Calculate the greatest common factor of 156 and 1056.
12
Calculate the greatest common divisor of 16092 and 108.
108
What is the highest common factor of 22 and 143?
11
Calculate the greatest common divisor of 2817 and 9.
9
What is the greatest common divisor of 4063 and 17?
17
What is the greatest common divisor of 756 and 2808?
108
Calculate the highest common factor of 88 and 22.
22
Calculate the greatest common divisor of 10 and 35.
5
What is the highest common divisor of 198 and 2673?
99
What is the greatest common factor of 924 and 748?
44
Calculate the greatest common factor of 52 and 2912.
52
What is the greatest common factor of 9 and 9?
9
What is the highest common factor of 91 and 28?
7
What is the greatest common divisor of 243 and 4698?
81
What is the greatest common factor of 29 and 5191?
29
Calculate the highest common divisor of 9 and 675.
9
What is the greatest common factor of 603 and 63?
9
Calculate the greatest common divisor of 35 and 60.
5
What is the greatest common divisor of 190 and 76?
38
What is the greatest common divisor of 36 and 99?
9
What is the greatest common factor of 214 and 6313?
107
Calculate the greatest common factor of 10 and 730.
10
Calculate the greatest common divisor of 468 and 494.
26
Calculate the greatest common divisor of 143 and 11.
11
What is the greatest common factor of 180 and 120?
60
What is the greatest common divisor of 339 and 6?
3
Calculate the greatest common factor of 4830 and 1050.
210
Calculate the highest common divisor of 42 and 1407.
21
What is the highest common factor of 89320 and 110?
110
What is the highest common factor of 6300 and 32?
4
Calculate the highest common factor of 7953 and 11.
11
What is the greatest common divisor of 260 and 140?
20
What is the highest common divisor of 64 and 160?
32
What is the greatest common divisor of 44 and 8?
4
Calculate the greatest common factor of 21 and 15.
3
Calculate the greatest common factor of 1440 and 2115.
45
What is the highest common divisor of 56 and 280?
56
Calculate the greatest common divisor of 650 and 425.
25
Calculate the greatest common f